d. Calculate the remainder when 57 is divided by h.
26
Suppose 2*v + 4*m - 446 = 0, -61*v + 57*v - m + 885 = 0. Calculate the remainder when v is divided by 123.
98
Suppose -211 + 43 = -2*y - z, 3*y + 3*z - 243 = 0. What is the remainder when 263 is divided by y?
2
Let t be 18*(-3 - 26/(-4)). Suppose -3*o - 2*j = -111, -4*o - 5*j + t = -2*o. What is the remainder when 11 is divided by ((-3)/(-2))/(o/104)?
3
What is the remainder when 243 is divided by (12/(-5))/((-48)/320)?
3
Suppose 193 = -4*g - 3*y + 3598, 0 = -3*g - y + 2550. What is the remainder when g is divided by 86?
75
Calculate the remainder when ((-1)/(2/(-827)))/(69/1656) is divided by 146.
142
Suppose 10*a = 6*a + 12. Suppose a*t - 2*t - 121 = -5*m, 2*m - 3*t - 62 = 0. Calculate the remainder when (-8)/(-32) + (561/12)/1 is divided by m.
22
Suppose 0 = 3*t - 2*t - 2*b + 6, 3*b = 0. Let y be ((-15)/t + -8 + 5)*0. Calculate the remainder when 7 + 17 + -1 + y is divided by 6.
5
Let r be 1/(1/5 - 0). Suppose -r*g = -35 - 0. What is the remainder when -4*(-5 - (-91)/(-28)) is divided by g?
5
Let j(l) = -2*l**3 - 19*l**2 + 40*l - 26. Calculate the remainder when j(-12) is divided by 54.
52
Suppose 41*p = 53 + 1177. Suppose m - p = -4*j + 18, 9 = 3*j. Calculate the remainder when m is divided by 15.
6
Let x = 47 + -43. Let u be (-34)/(-4) - 2/x. Let v = u + 103. What is the remainder when v is divided by 28?
27
Let y(a) be the first derivative of -2*a**3 - 49*a**2/2 + 8*a - 197. Calculate the remainder when 22 is divided by y(-8).
6
Suppose 291 = m + 2*m. Suppose -167*a + 327 = -2975 - 205. What is the remainder when m is divided by a?
13
Suppose -202*l - 4032 = -186*l. Calculate the remainder when (1 - 20/(-12))*l/(-8) is divided by 23.
15
Let l = -89 - -155. Suppose -2*h + 4*q + l = 0, 0 = -h + 3*q + 10 + 20. Let b = 82 - h. What is the remainder when b is divided by 23?
20
Let d(m) = m**3 - 16*m**2 + 15*m - 14. Let w be d(15). Let v(u) = u**3 + 13*u**2 - 19*u - 32. What is the remainder when 186 is divided by v(w)?
34
Let d = 3780 - 3750. Calculate the remainder when 232 is divided by d.
22
Let k(b) = -11*b - 107. Let t(q) = 22*q + 215. Let x(u) = -13*k(u) - 6*t(u). What is the remainder when x(0) is divided by 8?
5
Suppose -4*d = -4*x - 68, d - 20 = 13*x - 9*x. What is the remainder when d is divided by 16?
0
Suppose 0 = w - 2*b - 343, 2*b + 677 = 2*w + b. Calculate the remainder when w is divided by 18.
13
Let y be ((-82)/(-4))/(135/(-18) + 7). Let u = -48 - y. Let d = u + 37. What is the remainder when 268 is divided by d?
28
Let g(b) = -b**3 - 14*b**2 - 35*b + 5. Suppose -40 = -6*h + 16*h. Calculate the remainder when g(-11) is divided by (12 - 5) + (-12)/h + -3.
6
Suppose 72*z = -3970 + 31690. What is the remainder when z is divided by 377?
8
Let g(z) = -z**2 - 12*z + 6. Let p be g(-11). Let a = p + -22. What is the remainder when a + 4 + -2 - -35 is divided by 17?
15
Let t(c) = 61*c + 29. Let i(g) = 20*g + 10. Let f(p) = -8*i(p) + 3*t(p). Suppose 6*y - 105 = 87. What is the remainder when f(5) is divided by y?
26
Suppose 93*c - 59976 = -9*c - 13974. What is the remainder when c is divided by 89?
6
Let m(n) be the third derivative of 4*n**5/5 + n**4/24 + 3*n**2. Calculate the remainder when (5/(40/(-78)))/(42/(-840)) is divided by m(1).
48
Let a = 50 - 14. Let k = -31 + a. Let b(d) = -d**2 + 17*d - 18. Calculate the remainder when b(15) is divided by k.
2
Suppose o - 8*g - 79 = -3*g, -2*g + 287 = 5*o. Suppose -136 = 26*r - 760. What is the remainder when o is divided by r?
11
Suppose 16*c - 22*c - 96 = 0. What is the remainder when 66 is divided by -24*(1 - (-44)/c - -1)?
12
Let p(o) = 2*o - 33. Let q(r) = -2*r + 34. Let f(j) = -6*p(j) - 5*q(j). What is the remainder when 80 is divided by f(8)?
8
Suppose -3*y + 339 = -87. Let z be 13/(26/4) + 1. What is the remainder when y is divided by 6*(z + -2) - (-27 + -3)?
34
Let q = -36823 + 36854. Calculate the remainder when (-8)/((-3)/(135/2)) is divided by q.
25
Let s be (-4 - (2 - 4)) + 0. What is the remainder when (1/(-11 + 10))/(s/228) is divided by 9?
6
Let z be (424/(-24) - -6)/(1/(-3)). Let d = -17 + z. Calculate the remainder when d is divided by 12.
6
Let b = -202 - 467. Let k = -644 - b. What is the remainder when 274 is divided by k?
24
Let q = 132 + -48. Suppose 3*t = t + q. What is the remainder when 161 is divided by t?
35
Let w(l) = 2*l**3 + 2*l**2 + 6*l - 14. What is the remainder when 275 is divided by w(3)?
47
Suppose 3*f + 0*f = j - 22, j + 4*f - 8 = 0. Suppose 0 = -2*g - 28 - 18. Let k(b) = -b**2 - 29*b - 79. Calculate the remainder when k(g) is divided by j.
11
Let z = -163 + 315. Suppose 84*d - 115*d = -2418. What is the remainder when z is divided by d?
74
Let o be (-3)/2*(-16)/6. Let t be (-2)/7 - 148/(-28). Suppose 5*s - 455 = o*g, 0 = -g - 0*g + t. Calculate the remainder when s is divided by 24.
23
Suppose -4*m - i = -95, 4*i + 76 = -2*m + 5*m. Let d = 3543 + -3504. Calculate the remainder when d is divided by m.
15
Suppose -24*k + 876 + 1531 = -569. Calculate the remainder when 3096 is divided by k.
120
Let i(t) = 14*t + 8*t**2 - 11*t - 8*t. Calculate the remainder when i(-4) is divided by 39.
31
Let m = -58 - -73. Let u be (-3 - m/(-5))*-1. Suppose w + 3*g - 22 = -0*w, u = -5*w + 2*g + 110. What is the remainder when 129 is divided by w?
19
Suppose 4*r - r = 534. Let c = 290 - r. Let d(o) = -17*o**3 + o**2 + 49*o + 50. What is the remainder when c is divided by d(-1)?
17
Suppose 142*q + 3320 = 3813 + 13423. Calculate the remainder when q is divided by 17.
13
Suppose -6*l = -21 + 9. Let o(k) = 2*k**2 - 10*k**l + 17 - 2*k**2 - 12*k + k**3 - 4*k**2. Calculate the remainder when o(15) is divided by 32.
30
Suppose -9*k + 2*c + 535 = -4*k, 3*k - 321 = -c. Let u = k + -83. Calculate the remainder when 454 is divided by u.
22
What is the remainder when (-1*8)/(-2) - 124527/(-93) is divided by 25?
18
Suppose -15 = -3*g - 3*i + 21, -3*i = 9. Calculate the remainder when 4/10 - ((-996)/10 + -1) is divided by g.
11
Let z = 32530 + -32524. What is the remainder when 334 is divided by z?
4
Let a be (-6)/21 + (-548)/(-7). Suppose 1572 + 3260 + 1809 = 229*t. Let s = t + a. What is the remainder when s is divided by 11?
8
Suppose 389*p = 379*p + 20. Calculate the remainder when 126 is divided by (-3 + p)*-4 - (-1 + -30).
21
Let u = -6197 - -6217. What is the remainder when 1579 is divided by u?
19
Let m(b) = 6*b - 14. Let i be m(-8). Calculate the remainder when 575 is divided by 7 - i - 5/(10/(-6)).
71
Let i(z) = -18*z**3 - 541*z**2 - 50*z + 15. Calculate the remainder when i(-30) is divided by 82.
41
Let w = -5812 + 6409. Calculate the remainder when w is divided by 8.
5
Let y be (-9 + -11)*(-9)/15. Suppose 22 = -y*i + 238. Calculate the remainder when 320 is divided by i.
14
Suppose 20*z = -0*z + 2120. Calculate the remainder when 5507 is divided by z.
101
Suppose -4081 = -3*f + 5*w - 17, 1315 = f + 4*w. Calculate the remainder when f is divided by 93.
41
Suppose -3*o - 5 = 4*d - 29, 2*d = -2*o + 14. Suppose -32 - 44 = -o*n. Calculate the remainder when 53 is divided by n.
15
Let g(w) = 3*w**3 + 230*w**2 + 148*w - 242. What is the remainder when 457 is divided by g(-76)?
23
Let w = 1399 + -808. What is the remainder when w is divided by 27?
24
Calculate the remainder when 2/((-20)/(-282))*9290/2787 is divided by 6.
4
Suppose 36*t - 31*t = 3*d - 59, d - 10*t = 53. What is the remainder when 789 is divided by d?
9
Let h = -15 - -7. Let j = 2295 + -2288. What is the remainder when (-10 - h)*(-62)/4 is divided by j?
3
Let p(a) be the first derivative of a**3/3 - 3*a**2/2 + 883*a - 77. What is the remainder when p(0) is divided by 68?
67
Suppose 5*w + 0*w + 80 = 0. Let s be (-85)/(-2) - (-8)/w. Let f = s - 39. What is the remainder when 15 is divided by f?
0
Let n(b) = -3*b + 16. Let c be n(14). Let m = -18 - c. What is the remainder when m is divided by ((-54)/6)/(-3)*1?
2
Suppose -89*z + 3955 = -3877. Calculate the remainder when 359 is divided by z.
7
Let w = -22197 - -22374. What is the remainder when 342 is divided by w?
165
Suppose -5*a - s + 1540 = 0, -3*a = 3*s - 538 - 386. What is the remainder when a is divided by 103?
102
Let z(p) be the third derivative of p**6/120 - p**5/20 + p**4/12 + 53*p**3/6 - 55*p**2. C